 -0*r + 3*r. Let w be 60/r - 20/12. Suppose 0 = -m - w, 3*m = -2*i - 0*m + 183. Calculate the highest common factor of i and 9.
9
Let r be ((-16)/10*-11)/(80/400). Let b be (-150)/(-14) + (-2)/(-7). Calculate the highest common factor of r and b.
11
Let h(q) = -58*q - 138. Let v be h(-6). Calculate the greatest common factor of 30 and v.
30
Let i(q) = -4*q + 27 + q + 8*q + 0*q. Let a be i(-3). Calculate the highest common divisor of 16 and a.
4
Suppose 4*a - b - 81 = 0, b - 21 = -a + 2*b. Calculate the greatest common divisor of 25 and a.
5
Let o(w) = -w**2 + 2*w + 9. Suppose -2*f - f - 6*f = 0. Let h be o(f). What is the highest common divisor of 36 and h?
9
Suppose -s + 10 = 4*s. Suppose -5*v + 4*v = -s. Suppose -v*j - 4*d + 9 = j, 3*j - 27 = 2*d. Calculate the greatest common factor of 1 and j.
1
Suppose -99*q + 102*q - 1795 = 4*l, -1190 = -2*q + 4*l. What is the highest common factor of q and 121?
121
Let b = 243 - 210. Calculate the highest common divisor of b and 132.
33
Let k be 5*(-5)/(25/(-14)). Let b be 4/(-20) - 12/(-10) - -13. What is the highest common divisor of b and k?
14
Suppose -4*u = 4, 2*i + 2*u + 5 = -3*u. Let k be (i + -2 - 10)*2/(-3). What is the highest common divisor of 12 and k?
4
Let k(p) = 3*p**2 - 11*p + 66. Let o be k(7). What is the greatest common factor of o and 64?
8
Let y be (28/(-1) - 0/(-3))/(-2). Let a be 1 + (24/y)/((-8)/(-532)). What is the highest common factor of 23 and a?
23
Suppose -90 = 19*x - 24*x. Suppose 14*m - x*m + 52 = 0. Calculate the highest common factor of m and 117.
13
Suppose 0*v + 4*v = 24. Suppose -2*t + 64 = v*t. Calculate the highest common divisor of 12 and t.
4
Let c(j) = j**2 - 35*j - 591. Let n be c(63). What is the greatest common divisor of n and 51?
51
Let f be (-2)/14 + (-2)/(-14). Suppose f = -3*q + q + 50. Let c be -1 - (-1)/2*302. What is the greatest common factor of q and c?
25
Let m = -512 + 535. Calculate the highest common divisor of m and 23.
23
Let l(r) = 96*r - 13722. Let u be l(145). Let z be (-56)/(-3) + (-2)/3. Calculate the greatest common factor of z and u.
18
Suppose -470 = -25*m + 1430. What is the greatest common factor of 38 and m?
38
Suppose -11*o = -20*o + 81. What is the greatest common divisor of o and 69?
3
Let c = -520 + 565. Calculate the greatest common divisor of c and 585.
45
Let o = 112 + -5. Let j = o + -75. Let b(t) = t**3 + 9*t**2 + 8*t + 4. Let a be b(-8). Calculate the highest common factor of j and a.
4
Let u = 4 - 6. Let p(m) = 11*m**2 + 3*m + 2. Let z be p(-1). Let h = z - u. What is the greatest common divisor of h and 132?
12
Let u(g) = g**2 - 170. Let n be u(18). Calculate the greatest common factor of n and 88.
22
Let x(b) = b**3 - 15*b**2 - 2. Let a be x(15). Let t be (-5)/((-40)/6)*(-128)/a. Calculate the greatest common divisor of 16 and t.
16
Let b be 2/(-11) + ((-2268)/(-132) - 2). Calculate the greatest common factor of 6 and b.
3
Let a(h) = -6*h + 4. Let y be a(24). Let z = y - -186. Calculate the highest common factor of 46 and z.
46
Suppose 3*f = -3*c + 6*f + 138, -3*c - f + 158 = 0. Calculate the greatest common divisor of c and 6.
3
Suppose 979 = -9*t + 4273. Calculate the highest common divisor of t and 12.
6
Let l(p) = -13*p + 5*p - p**2 - 4*p - 3. Let o be l(-9). Let m be (-1084)/(-18) - (-2)/(-9). Calculate the greatest common factor of o and m.
12
Let n(r) = -r - 1. Let z be n(-1). Let l = z + 2. Suppose -3*s + l*g = -395, 680 = 5*s + 2*g - g. Calculate the highest common factor of s and 15.
15
Suppose 354 = -34*q + 2496. Calculate the highest common factor of 45 and q.
9
Let j be 4*((-50)/7)/((-248)/1085). Let d be (6 - (0 + 1))*5. What is the greatest common divisor of j and d?
25
Let u be (-34)/((-28)/20 + 1). What is the highest common divisor of 68 and u?
17
Suppose 7*c = 4688 - 292. Calculate the highest common factor of 4 and c.
4
Let u(z) = z**3 - 3*z**2 + 7*z - 13. Let a be u(3). What is the highest common divisor of 22 and a?
2
Let c(f) = -2*f + 28. Let r be c(7). Let s = -14 - -15. What is the greatest common divisor of r and s?
1
Suppose -5*k - 5*o + 135 = 0, -4*o + 3*o = -3*k + 77. Let v = 29 - k. Calculate the greatest common factor of 33 and v.
3
Suppose -17 = -5*w + 3. Suppose w*i = 3*d + 135, -2*i - 3*d + 23 + 22 = 0. Let b be ((-12)/(-10))/(1/10). Calculate the highest common divisor of b and i.
6
Suppose 0 = 3*k - 5*z - 385, 41*k + 355 = 44*k + z. What is the greatest common divisor of 105 and k?
15
Let x(n) = 10*n**2 - 3*n + 3. Let i be x(2). Suppose 361 + 2895 = 11*b. What is the highest common factor of b and i?
37
Let o = 269 - 228. What is the highest common divisor of 164 and o?
41
Let h be (1/1)/(((-133)/(-28))/19). Calculate the highest common factor of h and 11.
1
Suppose 0 = f - 3*g - 47, -8*f - 4*g + 76 = -5*f. Let m be (-5)/10 + (-130)/(-4). What is the highest common factor of m and f?
32
Let m be ((-14)/(-21))/(5/15). What is the highest common factor of 4 and m?
2
Let a(v) = 3*v**2 + 2*v - 1. Let l be a(-3). Suppose -3*w = -2*y + 409, 0*w = -2*y + w + 407. Let j = y + -23. What is the greatest common factor of l and j?
20
Let p(k) = -k + 5. Let r(f) = -2*f - 14. Let n be r(-5). Let i be p(n). What is the highest common factor of 18 and i?
9
Suppose -4*u + 5*z - 65 = -9*u, 0 = 4*u - 3*z - 73. Suppose 11 = 3*l + 3*g - 25, -5*l + 84 = -g. What is the highest common factor of l and u?
16
Suppose 5*c - 75 = -5*g, -g - 3*c + 8 = -9. Calculate the greatest common factor of 14 and g.
14
Let o = -777 + 2697. What is the greatest common factor of 120 and o?
120
Suppose 0 = 3*k + 4*y + 60, 2*k + 25 = k - 3*y. Let l(u) = u**3 + 17*u**2 + 14*u - 9. Let c be l(k). What is the highest common factor of c and 161?
23
Suppose 4*d = 4*c - 20, -2*c - 5*d = -0 - 3. Suppose c*v = 2*v. Suppose s = 1 - v. What is the greatest common divisor of 8 and s?
1
Let r = -24 - -28. Suppose -3*y + r = -y. Let k be 383/3 + y/6. What is the highest common divisor of k and 32?
32
Let z(m) = 3*m - 9. Let k be z(4). Suppose 8*d - k*d + 15 = 0, -d = -2*y + 35. Calculate the greatest common divisor of y and 24.
8
Suppose -4*g - 4*m = -0*m - 376, 5*g - 2*m = 449. What is the highest common factor of 35 and g?
7
Let g = -790 + 886. What is the highest common factor of 544 and g?
32
Let r be 18/8*(-1 - -5). Let l(n) = -52*n - 857. Let q be l(-17). What is the greatest common factor of q and r?
9
Let i(w) = 51*w**2 - 74*w + 211. Let t be i(3). What is the highest common divisor of 84 and t?
28
Let v(p) = -12*p - 210. Let r be v(-23). What is the highest common factor of 462 and r?
66
Let l(h) = h**2 - 52*h - 49. Let v(g) = -1 + 22 - 5 + 17*g. Let p(c) = 2*l(c) + 7*v(c). Let z be p(-10). What is the greatest common divisor of z and 8?
8
Suppose -5*r - 50 = -2*t - 10*r, -2*t + 86 = -4*r. What is the greatest common divisor of t and 20?
5
Suppose -3*g = 12, 0 = -3*z - 2*g + g + 281. Suppose j + z = -3*u + 525, -j - 434 = -3*u. Calculate the greatest common factor of 36 and u.
36
Let k(x) = 14*x**2 + 3*x - 2. Suppose 3*b + 7 = 13. Let l be k(b). Calculate the greatest common divisor of l and 40.
20
Suppose -40*l = -457 + 97. Let d = 47 - 2. Calculate the greatest common divisor of l and d.
9
Let u(j) = -j**3 - 9*j**2 + 20*j - 16. Let z be u(-11). Calculate the highest common divisor of z and 420.
6
Suppose -26*j - 6 = -27*j. Calculate the greatest common divisor of 4 and j.
2
Suppose -8*a = -12*a + 176. What is the greatest common divisor of a and 99?
11
Suppose 0 = 4*l - 3*w - 25, 0*l + 40 = 2*l + 4*w. Let r = 33 - l. What is the greatest common divisor of r and 207?
23
Let d = -136 - -208. Calculate the greatest common divisor of d and 18.
18
Suppose -z + 462 = 4*u, 37 - 12 = 5*u. What is the greatest common factor of z and 13?
13
Suppose 6*b + 130 = 1660. Calculate the highest common divisor of 15 and b.
15
Let n be 10*689/8 + 6/(-24). Calculate the highest common factor of n and 21.
21
Let b(v) = v + 3. Suppose 11 + 5 = 2*p. Let l be b(p). Let a = l + -1. Calculate the highest common factor of a and 110.
10
Suppose 5*s + 56 - 116 = 0. What is the greatest common factor of 12 and s?
12
Let b = -69 - -139. Calculate the highest common divisor of b and 10.
10
Let f = -230 - -295. What is the greatest common divisor of 10 and f